 is the remainder when 13 is divided by a?
6
Let j = 92 - 64. What is the remainder when 138 is divided by j?
26
Let x = -14 - -35. Let c = -10 + 18. Calculate the remainder when x is divided by c.
5
Let z(q) = -4*q - 25. Suppose -4*v + 25 = -71. Suppose -v = 2*j - 5*j. What is the remainder when j is divided by z(-7)?
2
Let u = -2 - -6. Suppose 18 = -3*w - w - j, -4*w - 26 = 5*j. Calculate the remainder when w/u - -5*5 is divided by 13.
11
Let j(b) = 4 - 1 - 2*b**2 + 4*b**2. What is the remainder when j(4) is divided by 18?
17
Let z = -102 - -149. Suppose -2*a + 4*v + 88 = 3*a, 0 = -4*a + v + 66. Calculate the remainder when z is divided by a.
15
Suppose 0 = -4*f - 19 + 3. Let l(p) = p**2 + p - 4. Calculate the remainder when l(f) is divided by 48/8 - (1 - 0).
3
Suppose 0 = -c + 2 + 2. What is the remainder when (16/(-20))/((-4)/30) is divided by c?
2
Let f = -8 + 14. Let u(t) = 4*t**2 - 5*t + 4. Let j(v) = -3*v**2 + 4*v - 5. Let h(b) = -3*j(b) - 2*u(b). What is the remainder when h(f) is divided by 11?
9
Suppose a = 2*c - 37, 5*a - 3 = -2*c + 4. Let j be 4/14 - (-204)/21. Let l = j - -20. What is the remainder when l is divided by c?
14
Let g(o) = -3*o + 13. Let n be g(9). Let p = 32 + n. Calculate the remainder when p is divided by 10.
8
Let q be (68 - (-1 - 0)) + 1. Calculate the remainder when (0 - -3)*q/6 is divided by (30/45)/(1 - 34/36).
11
Suppose h = 11*h - 200. Calculate the remainder when h is divided by 6.
2
Suppose -3*w - 4*b - 35 = -4*w, -2*w + 3*b + 50 = 0. What is the remainder when (-146)/(-3)*3/2 is divided by w?
16
Let w(j) = -2*j + 7. Let d be w(5). Calculate the remainder when (86 - -3)*d/(-3) is divided by 23.
20
Let j be 4/3*42/4. Calculate the remainder when (-1001)/(-49) - 6/j is divided by 6.
2
Let j(g) = g**2 + g + 4. Let l be j(3). Suppose 4*z - 80 = 3*o, 2*z = -3*o + 42 + l. What is the remainder when z is divided by 8?
7
Let b(u) be the first derivative of u**2 + 5*u - 2. Calculate the remainder when b(10) is divided by 9.
7
Calculate the remainder when 82 is divided by 2/(-6)*-21*3.
19
Let f(y) = 5*y**2 - 2*y + 3. What is the remainder when 14/(-91) - 730/(-13) is divided by f(2)?
18
Let d = 3 - -9. What is the remainder when 44 is divided by d?
8
Calculate the remainder when 16 is divided by 3/4 - (-13)/4.
0
Let w(u) = -4*u + 5. Calculate the remainder when w(-8) is divided by 8.
5
Suppose -4*o = 4*k - 60, -4*k + 4*o + 54 = -22. Calculate the remainder when k is divided by 7.
3
Suppose 2*m - 4 = 0, m = 4*n - 0*n + 106. Let a = 73 - 27. Let k = n + a. Calculate the remainder when 38 is divided by k.
18
Let u(p) = 18*p - 1. Let s(z) = z**3 + 7*z**2 + 2*z - 6. What is the remainder when u(3) is divided by s(-6)?
17
Let k(a) = -160*a + 4. Let v be k(-10). What is the remainder when (-6)/(-33) - v/(-11) is divided by 37?
35
Suppose -2*g - 5*d + 1 + 6 = 0, -3*d = -3*g + 42. Let i = -89 + 132. What is the remainder when i is divided by g?
10
Let o(d) = 4*d**2 - 6*d + 7. Suppose -2*l + 12 = 4. What is the remainder when o(2) is divided by l?
3
Suppose -b = -1 - 6. Suppose 5*o - 172 = -3*n, -3*o + 4*n = b - 87. Calculate the remainder when o is divided by 11.
10
Let s(o) = o**3 - o**2 - 1. Let t be s(2). Let i = t - 4. Calculate the remainder when 13 is divided by -1 + (-1 - -10) + i.
6
Suppose -140 = -5*j - 2*j. What is the remainder when 54 is divided by j?
14
Let f(z) be the first derivative of z**4/4 + 3*z**3 + 3*z**2 - 2*z - 3. What is the remainder when 27 is divided by f(-8)?
13
Let r(x) = 6*x + 2. Let w(u) = 3*u**2 + 2*u**3 - u**3 + 41 - 2*u**2. What is the remainder when w(0) is divided by r(2)?
13
Suppose 3*p - 132 = -4*v + p, 0 = -2*v - 2*p + 66. What is the remainder when 63 is divided by v?
30
Let s = 0 + 3. Suppose -s*q + 7 = -2. Calculate the remainder when 5 is divided by q.
2
Suppose -z - 29 = -3*q, -5*q + 5*z + 24 + 11 = 0. Let r = -22 + 32. Suppose 6*m + v - 134 = 3*m, -2*v = -r. Calculate the remainder when m is divided by q.
10
Let j(g) = 6*g**2 - 1. Let c be j(1). Suppose 5*d = t + 97, -3*d = -2*d - c*t - 5. Let z = d + -6. Calculate the remainder when 27 is divided by z.
13
Let k(n) = 2*n + 14. What is the remainder when 26 is divided by k(0)?
12
Let j(d) = d**3 - d**2 + 56. Let a be j(0). Let w = a + -36. Calculate the remainder when (2/(-3))/((-4)/354) is divided by w.
19
Let w = -31 - -47. What is the remainder when 45 is divided by w?
13
Let n be 1 - 0/(1 - -2). Suppose -2*m = -3*z - 1, 2*z + n = -m + 12. Suppose z*j - j - 10 = 0. Calculate the remainder when j is divided by 2.
1
Calculate the remainder when (2 + 1)/3 - (0 + -91) is divided by 19.
16
Suppose 3*v = -2*v + 50. Calculate the remainder when 18 is divided by v.
8
Let t = 23 - 8. Calculate the remainder when 26 is divided by t.
11
Let y = 34 - 18. Let q be (-24)/y*(-10)/3. Suppose -q*n + 0*a + 69 = 4*a, 2*n - 3*a - 23 = 0. Calculate the remainder when n is divided by 7.
6
Let w(s) be the second derivative of -1/6*s**3 + 0 - s**2 + s. Calculate the remainder when 9 is divided by w(-7).
4
Let m(p) be the third derivative of -p**4/6 - p**3/2 + 3*p**2. Calculate the remainder when m(-3) is divided by 5.
4
Let q = -151 - -87. Let r = -41 - q. Calculate the remainder when 67 is divided by r.
21
Suppose 3*g = -0*g. Suppose 5*y - 2*h + 6*h - 24 = g, 2*h = -y. Calculate the remainder when 14 is divided by y.
6
Let r = -6 + 15. Let z(u) = 2*u. What is the remainder when 51 is divided by z(r)?
15
Suppose -3*h + 15 = 2*h. Suppose 3*f = h + 33. What is the remainder when 23 is divided by f?
11
Suppose 102 = 3*k + 4*z, 3*k = k - 3*z + 68. Calculate the remainder when 13 is divided by k/6 + (-6)/9.
3
Suppose 3*q = 2*w + 9, 6*w + 4*q + 80 = w. Calculate the remainder when w/(-7)*(-7)/(-2) is divided by 2.
0
Let c = -45 + 60. Calculate the remainder when c is divided by 4.
3
Let a(r) = 2*r - 9. Let j be a(6). Suppose c - 7*h = -j*h + 10, -5*c + 5*h + 35 = 0. Suppose 0 = -4*n + 2*n + 22. What is the remainder when n is divided by c?
5
Let g(h) = h**2 - 6*h + 4. Calculate the remainder when g(10) is divided by 16.
12
Let j be (-10)/(-45) - 4/18. Suppose j = 5*z - 81 + 6. Let s(g) = g**3 + 7*g**2 + 4*g - 3. Calculate the remainder when s(-4) is divided by z.
14
What is the remainder when 21 is divided by -4 + (0 - 40/(-4))?
3
Calculate the remainder when 57 is divided by (-9 + 3)*-2*(-28)/(-16).
15
Let o = 161 - 138. Calculate the remainder when o is divided by 13.
10
Let u = 105 + -4. Suppose -2*w + 2 = -50. What is the remainder when u is divided by w?
23
Let n(b) = b**2 - 8*b + 12. What is the remainder when 18 is divided by n(7)?
3
Let p be 4/14 + 66/14. Let g = 16 + p. Let v = 28 - 16. What is the remainder when g is divided by v?
9
Let p be (-5)/((-15)/36) - 2. Let h = -5 + p. Suppose -6*a + 2*a = -s - 42, -h = -a + 3*s. Calculate the remainder when 21 is divided by a.
10
What is the remainder when 10 is divided by 4/14 + 40/7?
4
Suppose 3*g - 30 = -2*g - 2*p, -p + 9 = g. Suppose -4 = -g*q + 3*q, -q = l - 2. What is the remainder when 40 is divided by 14/2*(-4)/l?
12
Let n = -51 - -78. Calculate the remainder when n is divided by 4.
3
Suppose 0 = o - 11 - 5. Suppose -9*n = -53 - 496. What is the remainder when n is divided by o?
13
Suppose 4*w = -n + 32, -5*w - 13 = 3*n - 81. Let j = 0 + 22. Suppose 5*y = -3*g + 47, -2*g - y + j = -0*y. Calculate the remainder when n is divided by g.
7
What is the remainder when (1*-7)/(7/(-7)) is divided by 2?
1
Suppose 0 = 3*o - 33 + 3. Calculate the remainder when 39 is divided by o.
9
Let g(t) = t**3 + t**2 - 2*t + 3. Let n be g(-3). Let h = n - -34. What is the remainder when h is divided by 13?
12
Suppose 0*j - 72 = 6*j. Let r(m) = -4*m - 30. Calculate the remainder when 51 is divided by r(j).
15
Let o(x) = -x**2 - x + 8. Suppose 15 = 3*v - 21. Suppose -s + 4*m - v = -5*s, 0 = -4*m. Calculate the remainder when o(0) is divided by s.
2
Let w(n) = 89*n**3 + 2*n**2 - 1. Let p be w(1). Suppose -4*c = -k - p, 7 = -c - k + 27. Suppose 0 = 4*y - 2 - 46. What is the remainder when c is divided by y?
10
Suppose -265 = -5*y - 0*y. Suppose -4*p - 4*l + 56 = 0, -6 = -4*p - 5*l + y. What is the remainder when p is divided by 6?
5
Calculate the remainder when 21 is divided by 2/(-6) + (-544)/(-48).
10
Let f(p) = p**